c and 110?
10
Suppose -4*x = x + 195. Let o = -26 - x. What is the highest common divisor of o and 104?
13
Let b = -39 + 79. What is the highest common factor of 10 and b?
10
Suppose p - 5*g = 3*p - 31, 3*g - 9 = 0. Let r be 3/(-4) - (-6)/p. Let h = 4 - r. What is the greatest common factor of 8 and h?
4
Let y = 452 + -653. Let m be (y/(-9))/((-2)/(-6)). Suppose 8 = 5*d - m. Calculate the greatest common divisor of 165 and d.
15
Let d(a) = 3*a**2 - a - 7. Let o be d(6). Let y(u) = -6*u + 61. Let k be y(7). Calculate the highest common divisor of k and o.
19
Let h be (-27 + 1)*2/(-4). Calculate the greatest common factor of h and 52.
13
Suppose 7*g - 9*g + 44 = 0. Calculate the highest common factor of g and 55.
11
Suppose -h = h - 16. Let f be ((-4)/(-3))/((-2)/(-36)). What is the highest common divisor of f and h?
8
Suppose 0 = 4*w - 3*w - 12. Suppose -2*s + 51 = 3*z, -s + 3 = 3*z - 6*z. What is the highest common divisor of s and w?
6
Let f be (-3 + 2 - -21)/((-1)/(-4)). What is the greatest common factor of f and 20?
20
Suppose -406 = -4*u - 42. Suppose 4*d + 77 = 5*b - 0*d, 0 = -2*b - 4*d + 14. Calculate the greatest common factor of b and u.
13
Let v be 90/(-4) + 2/(-4). Let t be 2 - (v + (-3)/(-3)). Calculate the greatest common factor of t and 60.
12
Let f(z) = -z**2 - 6*z + 7. Let v be f(-5). What is the greatest common factor of v and 4?
4
Suppose 0 = 2*i - 14 - 58. Let s = i - -76. Let r = -20 - -36. What is the highest common divisor of s and r?
16
Suppose 5*l - 30 = -15. Calculate the greatest common divisor of 2 and l.
1
Let s = -124 + 143. Suppose 0 = 3*m + 4*d - 102, -3*d - 149 = -4*m - 4*d. What is the greatest common divisor of m and s?
19
Let o be 3/6*2*45. Suppose 0*a - 5*a = o. Let m be 36*(-2)/a*12. Calculate the greatest common divisor of m and 12.
12
Let n = 149 + 202. Calculate the highest common divisor of n and 39.
39
Let u(b) = b**3 - 6*b**2 + 3*b - 8. Let z be u(6). Calculate the greatest common divisor of 50 and z.
10
Let p be 7/2 + (-3)/6. Let w(i) = p*i - 3*i + 63 - i. Let b be w(0). Calculate the greatest common factor of b and 9.
9
Let o(v) = -v**3 + 5*v**2 - 2*v + 1. Let y be o(5). Let n be (-3)/y + 478/6. Suppose 4 = 4*b - 28. What is the greatest common factor of b and n?
8
Let j be (-228)/(-39) - (-2)/13. Suppose 5*k = 9 + j, -k + 78 = 5*c. Calculate the greatest common factor of c and 165.
15
Let w(l) = l**2 - l - 4. Let x be w(-3). What is the greatest common factor of x and 40?
8
Let r(q) = -q**3 + 13*q**2 - 11*q + 16. Let p be r(12). What is the greatest common divisor of 28 and p?
28
Let r = 52 - 19. Let w = 63 - r. What is the highest common factor of w and 90?
30
Suppose 6 = 3*g - 24. What is the highest common divisor of 2 and g?
2
Suppose 0 = -x + 87 - 12. What is the greatest common factor of x and 30?
15
Suppose r = 3*y - 87, -2*y + 2*r = -59 + 5. Let w be ((-168)/y)/(2/(-10)). Let b be ((-8)/10)/((-2)/105). Calculate the greatest common factor of b and w.
14
Let b = 5 - 13. Let u(f) = -5*f**2. Let z be u(-2). Let n = b - z. What is the greatest common divisor of 12 and n?
12
Suppose 0*w + 2*w = 16. Suppose 0 = -w*y + 4*y + 48. What is the greatest common divisor of 4 and y?
4
Let t = 7 - 4. Let r = -1 + t. Suppose 3*g - r*x - 278 = 0, 146 - 52 = g - x. What is the greatest common divisor of g and 15?
15
Suppose -4*y + 59 = -y - t, -5*y = -5*t - 95. Let h = 103 - 23. What is the highest common divisor of h and y?
20
Let w = -37 + 52. Suppose -4*p + 3*p + 45 = 0. What is the greatest common factor of p and w?
15
Let g(t) = t**2 - 2*t - 3. Let z = -8 - -17. Suppose 4*w + 25 - z = 0. Let u be g(w). Calculate the highest common divisor of 7 and u.
7
Let a be 1/(13/(-7) + 2). What is the greatest common factor of a and 28?
7
Let f(b) = -208*b**3 - b**2 - 2*b. Let i be f(-1). Calculate the highest common divisor of i and 19.
19
Suppose -2*q = 3*q - 5. Suppose -5 = -2*m - q. Calculate the greatest common factor of m and 22.
2
Let r = -23 - -41. Calculate the highest common divisor of 144 and r.
18
Let h be ((-8)/5)/((-1)/5). Let x = -350 + 513. Let d = x + -75. What is the greatest common factor of h and d?
8
Let f = 0 - -3. Suppose -3*x - 4*j + 18 = 0, 3*x - f = 2*j + 15. Suppose 3*y + 5*z = 7*y - 2, -z + 2 = 0. What is the greatest common factor of y and x?
3
Suppose 0 = -3*k + 6 + 6. Suppose 0 = -k*c + 2 + 10. Calculate the greatest common divisor of 15 and c.
3
Let a be (-1)/(1/(-30))*1. Calculate the greatest common factor of a and 75.
15
Suppose -2*a + 235 = 5*d, -116 = 3*a - 4*a - 4*d. Let l(n) be the first derivative of 6*n**2 - 1. Let z be l(2). What is the greatest common divisor of a and z?
24
Let s = -20 - -34. What is the highest common factor of s and 98?
14
Let q(i) = -i**3 - 2*i**2 - 4*i + 4. Let k be q(-4). Suppose -4*p - k + 240 = 0. Suppose 175 - p = 4*w. What is the greatest common factor of w and 16?
16
Let f be (-3)/(-2)*7*6. Suppose -4*v = -427 + f. What is the greatest common divisor of 13 and v?
13
Let r(f) = -f**3 - 2*f**2 + 6*f + 2. Let g be r(-5). Calculate the greatest common divisor of 141 and g.
47
Let y be -2 + 1 - (-3 - -1). Calculate the highest common divisor of 1 and y.
1
Suppose 2*d + 0 + 6 = 0. Suppose -3*z = -z - 38. Let m = z + d. What is the highest common factor of m and 144?
16
Suppose 2*r = -r + 24. Let t be 90/r - 10/40. Suppose 395 = 5*a - 2*f, 0*f - 102 = -a + 5*f. Calculate the greatest common factor of t and a.
11
Suppose -33*v = -30*v - 126. What is the greatest common divisor of 14 and v?
14
Let t(w) = 133*w - 3. Let a be t(1). Calculate the highest common factor of a and 13.
13
Let f be (-10)/25 - 22/(-5). Suppose 4*q - f = 8. Suppose -c + 540 = q*c. Calculate the highest common factor of 15 and c.
15
Suppose 0 = -2*b - 0*b + 6. Suppose z + d = -2, 3*z - b*d + 5 + 1 = 0. Let x be 10 - (z - (0 - 0)). Calculate the greatest common factor of 48 and x.
12
Let t be ((-75)/50)/((-13)/12 - -1). What is the greatest common divisor of 54 and t?
18
Let b(y) = -y. Let d be b(-1). Calculate the greatest common factor of d and 9.
1
Let v(m) = m + 10. Let c be v(-8). Suppose l = -c*l + 168. Calculate the highest common factor of l and 14.
14
Let g = 3 + -1. Suppose -4*p = -2*s + p + 23, 19 = s - 5*p. Let x = -2 + s. What is the highest common divisor of g and x?
2
Let p(m) = m**2 - 6*m + 5. Let c be p(8). Let f be 2/(2 - c/12). What is the greatest common divisor of f and 56?
8
Let d(y) = 3*y**2 + 11. Let g be d(6). Let c = g + -80. Calculate the greatest common divisor of c and 26.
13
Suppose 3*j + 4*d + 14 = 53, 52 = 4*j - 4*d. Calculate the highest common divisor of 13 and j.
13
Let j(t) = t**3 - 2*t**2 + 5*t - 5. Let y be j(6). Let z be 106 + (1 - 0) + -2. Let v = y - z. What is the highest common divisor of v and 8?
8
Let m = -186 + 298. Suppose 0 = l + 2*l - 93. Let f = l + -17. Calculate the highest common factor of m and f.
14
Suppose 0 = 5*f - 5 - 10. Suppose f*q - 30 - 42 = 0. Calculate the highest common divisor of q and 16.
8
Let q = -135 - -289. Calculate the highest common factor of q and 14.
14
Let f be (-76)/16 + (-2)/8. Let m = 7 + f. Suppose -g = g - m. Calculate the highest common factor of 1 and g.
1
Suppose -z - 3 = -6*z - 3*r, -1 = z - r. Suppose 60*i = 64*i - 480. Suppose z*t + 3*t - i = 0. What is the highest common divisor of t and 10?
10
Suppose -4*n - 3*q = -100, 4*n + 3*q = 4*q + 100. Suppose c = -4*c + n. Calculate the greatest common factor of 2 and c.
1
Suppose 4*j = 8, w + j = 4*w - 160. Calculate the highest common divisor of w and 18.
18
Suppose 5*g = -3*x + 12, -2*x - 2*x = 2*g - 2. Suppose 0 = -g*w + 2*w + 8. What is the greatest common divisor of w and 88?
8
Let d(g) be the third derivative of g**5/30 + 7*g**4/24 - g**3/3 - g**2. Let w be d(-5). Let x = 358 - 215. What is the greatest common factor of w and x?
13
Suppose -4*l + 10 = -4*x - 14, 0 = -l - 4*x - 19. Calculate the greatest common divisor of 9 and l.
1
Suppose 8 = 3*x - 2*s, 3*s = 4*x - x - 9. Suppose -5*w - 3*p = -13, -4*w - 4*p + x = -2. What is the highest common divisor of w and 10?
5
Let n(p) = p**2 - 9*p + 10. Let u be (1 + (-14)/4)*-4. Let a be n(u). Calculate the greatest common divisor of 10 and a.
10
Let k = 5 - -4. Suppose -w + 13 = -23. What is the hig